be a(-7). Is c/4*2*10/5 a composite number?
False
Let s be 145/(-4) + (3/4)/3. Let a be (-4 + -3)*s/21. Suppose -a*g = -10*g - 5554. Is g prime?
True
Suppose -26*p + 22*p - 5*u = -794086, 2*u - 198517 = -p. Is p a prime number?
True
Let m = -218 - -100. Let h = 122 + m. Suppose 0 = -5*f + j + 7588, -4*f - h*j + 6053 = j. Is f a prime number?
False
Let j(a) = -942*a**3 - 7*a**2 - 4*a - 32. Is j(-5) a composite number?
False
Is 1/4 - 139081695/(-564) prime?
True
Let o(c) = -c**3 + 11*c**2 - 8*c - 2. Suppose 2*b = -8 + 22. Let f be o(b). Suppose 5*d + 145 = m, -3*m = 4*d - 335 - f. Is m a composite number?
True
Suppose -3*p + 0 = -15. Suppose 2*g = 8, 3*n - p*g = -2*n + 480. Suppose -2*v + n = -30. Is v a prime number?
False
Suppose 32 = 5*n - n. Let r be n/(-12)*-3 + (4 - 2). Suppose -3*u + 1953 = -2*s + 6*s, u - r*s = 635. Is u prime?
True
Let g(n) = 2305*n**3 - 3*n**2 - 64*n + 193. Is g(3) prime?
False
Let q(u) = 281*u + 78. Let f(g) = 283*g + 77. Let j(z) = -5*f(z) + 4*q(z). Is j(-4) prime?
True
Let r be 4*(-120)/(-32) - 0. Is 20567/r - (1 - (-26)/(-30)) prime?
False
Let i(f) = 72064*f**2 - 11*f + 4. Is i(1) a composite number?
True
Suppose -2*g - 6336 = 30*g. Let z = g + 1595. Is z a composite number?
True
Suppose 4*b + 160596 = -2*n + 6*n, 0 = 3*n - b - 120445. Suppose 0 = -243*o + 239*o + n. Is o a prime number?
True
Let h be (-4)/(-7) - (3288/(-28) - -3). Let s be (2 - (-404)/(-8))*-10. Suppose -2*u = -s + h. Is u prime?
False
Let v = 524 - 501. Suppose 4*i - 5*y - 29035 = 0, -18*i - 2*y - 36315 = -v*i. Is i a prime number?
False
Suppose 3*v - 12*v = -36. Suppose v*s = -4*d, s = 2*s - 3*d. Suppose s = 24*u - 25*u + 31. Is u composite?
False
Let o = 446 - 454. Is 4/(64/(-3518))*o prime?
True
Let u be 4/(-4) - 4 - -41. Suppose 13*j - j = -u. Is (j/3)/((-4)/644) a prime number?
False
Suppose -41*t = -175 - 563. Is 3/t + 45150/180 prime?
True
Suppose -s = 3*w - 18, -7*w + 3*w = -3*s + 2. Suppose 12 = -s*p + 7*p. Suppose p*u - 19885 - 17639 = 0. Is u composite?
True
Suppose 85*y = 165*y - 88*y + 2325160. Is y prime?
False
Let u = 59 - 55. Suppose -x + 105 + 34 = -5*c, 0 = -u*c - 3*x - 115. Is (-2)/(2/(-33))*c/(-12) prime?
False
Suppose 2*s + 10 = 0, -3*n - 1014*s + 652337 = -1018*s. Is n a composite number?
False
Let n be 6/5*(-120)/(-72). Suppose 4*i = -i - 10, -l - n*i = -687. Is l composite?
False
Suppose 31*n = 18*n + 19*n - 28218. Is n a prime number?
True
Suppose -f = 3*t + 3508, t - 7 = -6. Let o = 23664 + f. Is o composite?
True
Let s(i) = 964 + 6157 - 2998*i**2 + 3001*i**2 + i. Is s(0) prime?
True
Let s = 223591 + 95135. Suppose 10*g = 28*g - s. Is g prime?
True
Suppose 3*v + 12 = -4*l, 10 = -4*l - l - 5*v. Let x(w) = 361*w**2 + 7*w + 1. Is x(l) a prime number?
False
Let r(b) = 11735*b**3 - 2*b**2 + 5*b + 2. Let q be r(2). Suppose 32*g + q = 60*g. Is g composite?
True
Suppose -958*q = -952*q - 1428. Let o(w) = 31*w**2 - 2*w - 4. Let a be o(-4). Suppose 4*g - 4*f + q = 5*g, 2*f = -2*g + a. Is g prime?
False
Is (10/(-14))/(-5) - 11403090/(-105) a composite number?
True
Suppose -4*n + 228926 = 2*q, -289644 = -3*q - 3*n + 53751. Is q composite?
False
Suppose d + 3*a = 93401, -2*a + 111312 = 3*d - 168919. Is d prime?
False
Let y(s) = 2*s**2 - 40*s - 229. Let o be y(-20). Let x be (-17620)/(-6)*18/15. Let b = x - o. Is b composite?
False
Let t(d) = d**2 - 3*d + 4. Let m be t(2). Suppose l - m*k = -7*k - 29, 3*l = -k - 31. Is 3*47*(-6)/l composite?
True
Suppose -151679566 + 729907298 = 578*k. Is k composite?
True
Let c(k) = k**3 - 11*k**2 + 26*k - 16. Let v be c(11). Is 8/60 + (-6)/(v/(-630399)) a prime number?
True
Let b(o) = -251*o + 143. Let h be (-10)/(2/6 - 1/(-6)). Is b(h) a composite number?
True
Let c(o) = 14737*o + 81. Is c(6) composite?
True
Let q(x) = -12514*x - 927. Is q(-4) prime?
False
Suppose -13*s + 1853 + 2411 = 0. Let n = s + 151. Is n prime?
True
Let m = -94858 - -181895. Is m a composite number?
False
Suppose -32*i = 12*i - 2225036. Is i prime?
False
Let h = -570 - -1552. Suppose 3786*c - 3794*c + 4008 = 0. Suppose -n + 2*w + c = 0, 3*n - n + w - h = 0. Is n a composite number?
True
Let l(f) = 5*f**3 + 21*f**2 - 5*f + 16. Let t be l(23). Suppose 5*x = 4*a - a + t, -a = 0. Is x composite?
False
Is ((-782047)/(-14))/(3/6) a composite number?
False
Let k = 85240 - 32425. Suppose -k - 52731 = -6*f. Suppose 0*b = 7*b - f. Is b a prime number?
False
Let c(v) = 54*v**2 + 23*v + 17. Let b be c(16). Let a = -9600 + b. Is a composite?
True
Let z(q) = 50*q**2 - 7*q - 9. Let d(y) = -2*y**3 - 9*y**2 + 5*y - 4. Let w be d(-5). Let i be z(w). Suppose -x = -i - 284. Is x prime?
True
Let t = 4890 - 2443. Is t composite?
False
Let k(o) = 55256*o + 5499. Is k(31) prime?
False
Let j = 382 + -379. Suppose -5*m + 21847 = -j*f - 219612, 3*m + 4*f = 144887. Is m a prime number?
False
Let z(d) = 2*d + 12. Let o be z(-5). Suppose -l + 16078 = 3*a, o*l + 9079 = 3*a - 6996. Is a prime?
False
Is (-74)/((-518)/35)*((-360466)/(-10) - 0) a prime number?
True
Suppose -2*s - 71323 - 186993 = -2*d, 2*d - 258328 = -2*s. Is d prime?
False
Let n = -32 - -39. Suppose 6290 = 17*x - n*x. Is x prime?
False
Let j = 8675 + 64460. Is j prime?
False
Suppose a - 4*t = -12, -a - t + 16 = 2*a. Let z(d) = 1419*d - 53. Is z(a) a composite number?
False
Let x(m) = -793*m**3 - 4*m**2 - 53*m - 157. Is x(-3) a composite number?
False
Is -4 + 6 + 6597 - 0 a composite number?
False
Let w be (33 + (1 - -1))*84/(-98). Let z be (-20)/w*18/4. Suppose r - 5751 = -5*o + 2951, -5*o = z*r - 8696. Is o composite?
False
Suppose -2*i + 2 = -d - 156, -i = 4*d - 70. Let n be 1 - 0 - 13/(i/60). Is (-11183)/(-5) + n/15 + 1 a composite number?
False
Let z(o) = -o + 2. Let j be z(-2). Let c be 3*j*61/2. Let d = c + -155. Is d a prime number?
True
Let g be ((-230)/20)/(-23) - 7/(-2). Suppose 3*t - y = 6*t - 1217, -g*y - 1644 = -4*t. Is t a prime number?
False
Let a(p) = 51931*p**2 + 48*p - 50. Is a(1) prime?
True
Is (116/(-6))/(52/(-168558)) composite?
True
Suppose -5*u = 5*y - 30, 2*u + 26 = 4*y + 7*u. Suppose 2*d + 4*b - 6*b - 12580 = 0, y*b - 12562 = -2*d. Is d a prime number?
True
Suppose -104*p - 105*p + 204*p = -108565. Is p a prime number?
True
Let z = -97551 - -196214. Is z a prime number?
True
Is -3 + -1 + 10 + (-84)/14 + 130499 a prime number?
False
Let v(q) = 17*q + 107. Let b be v(-6). Suppose -3*r = -g - 888 - 1000, 3*r + b*g - 1918 = 0. Is r a composite number?
False
Let b(q) = 1265*q + 143. Let i(g) = 3794*g + 430. Let k(y) = -17*b(y) + 6*i(y). Is k(8) prime?
False
Suppose 6*m = 2*m - 12, 3*r - 131676 = 3*m. Is r a prime number?
True
Let o(s) = -242*s**3 + 2*s**2 + s. Let m be o(-1). Suppose m*z - 1477 = 242*z. Is z prime?
False
Suppose -3*s - 5*t + 528036 = -52901, 0 = 2*s + 2*t - 387294. Is s a prime number?
True
Let q = -19352 - -79351. Is q a composite number?
False
Let p = -48 + 3936. Suppose 3514 - 758 = -4*q. Let i = q + p. Is i a composite number?
True
Suppose 64*j - 66*j = -8. Suppose j*a = 7 + 9, 3*a - 2304 = -4*h. Is 0/5 - h*-1 a prime number?
False
Suppose 29*d + 58 = 174. Suppose -2*h = d*v - 59796, v - h = 2*h + 14963. Is v a prime number?
True
Let m = 286204 + -52853. Is m prime?
False
Suppose -7*x = 326 + 577. Let y = -360 + 634. Let r = y + x. Is r composite?
True
Let d(a) = 1406*a**2 + 84*a + 11. Is d(6) a composite number?
False
Suppose -3*j - 5 = 2*c, -3*c = -11*j + 7*j - 1. Let k(y) = -1221*y + 6. Is k(c) prime?
False
Suppose 144*b - 12223456 + 6966687 = 7973519. Is b composite?
True
Let s(d) = 10*d + 49. Let g be s(-6). Let k(v) = -8*v - 24. Let a be k(g). Is (-1)/(1/2)*(-46880)/a prime?
False
Let k be 4636/(-4*5/(-10)). Let x = k - -3956. Is x a prime number?
False
Is (108/27)/((-7)/(4024895/(-4))) a composite number?
True
Let b = -4902 - -12953. Is b a prime number?
False
Let o = 19 + -11. Suppose o*p - 182672 = -0*p. Let t = p + -16031. Is t a prime number?
True
Suppose 1260*d - 35318 = 1258*d. Is d composite?
False
Let p(z) = 2*z + 10. Let f be p(-11). Let q be 8/f - (-39809)/3. Suppose c = t - 3*t + 5305, 5*t = 4*c + q. Is t prime?
False
Suppose 4*p = -5*k + 359311, -4*p + 34 = 58. Is k a prime number?
True
Let f = -40 - -69. Suppose 8236 = f*h - 4669. Is h a composite number?
True
Let q be 1*(0 - -11618 - -3). Let y = 18426 - q. Is y a prime number